565.
57
Calculate the highest common factor of 37257 and 25629.
3
Calculate the highest common divisor of 25700896 and 1248.
416
Calculate the greatest common divisor of 640 and 47016520.
40
Calculate the highest common divisor of 18791 and 1037461.
989
What is the greatest common divisor of 3470 and 21952955?
1735
What is the highest common divisor of 2184 and 77896?
728
Calculate the greatest common divisor of 284230 and 694880.
430
What is the highest common divisor of 1785 and 893865?
105
What is the greatest common factor of 2192 and 5439448?
1096
Calculate the greatest common factor of 158123 and 103586.
343
What is the greatest common factor of 135609 and 72351390?
7977
What is the highest common factor of 698700 and 20002?
274
What is the greatest common divisor of 60945162 and 52944?
6618
What is the highest common divisor of 36062 and 1038388?
494
What is the greatest common divisor of 13027 and 3976?
7
What is the highest common factor of 77171052 and 6288?
1572
Calculate the highest common factor of 16647194 and 106.
106
Calculate the highest common divisor of 1010256 and 4848.
48
What is the greatest common factor of 5766 and 55586162?
1922
What is the highest common factor of 271166 and 1519?
49
What is the greatest common factor of 14213 and 1279475?
61
Calculate the greatest common factor of 6847 and 4305.
41
Calculate the highest common factor of 919049 and 5909.
19
Calculate the greatest common factor of 4528 and 7339888.
4528
Calculate the greatest common factor of 214886 and 658.
14
Calculate the greatest common factor of 67881 and 2754.
51
What is the highest common factor of 636320448 and 448?
64
Calculate the greatest common divisor of 9145795 and 17935.
1055
Calculate the highest common divisor of 17 and 213823637.
17
What is the greatest common divisor of 79622 and 14174658?
1942
Calculate the highest common factor of 338 and 13493974.
338
What is the highest common divisor of 8919 and 333921414?
2973
What is the greatest common divisor of 209168 and 25712?
16
Calculate the highest common factor of 9785227 and 19414.
571
Calculate the greatest common factor of 7170 and 4602210.
30
What is the greatest common divisor of 15031136 and 352?
32
What is the greatest common divisor of 1078444 and 24?
4
What is the highest common factor of 1395 and 1095075?
1395
Calculate the highest common factor of 5288 and 119917298.
1322
Calculate the highest common divisor of 7188 and 317261548.
2396
What is the highest common factor of 369352928 and 42?
14
Calculate the greatest common divisor of 59192572 and 136.
68
What is the greatest common factor of 2057724 and 26883?
261
What is the greatest common divisor of 172751774 and 104?
26
What is the greatest common divisor of 26 and 69247672?
26
What is the highest common factor of 86 and 199480?
2
What is the greatest common divisor of 9803991 and 17469?
1941
Calculate the greatest common divisor of 5350 and 600800.
50
Calculate the greatest common divisor of 21422166 and 48.
6
Calculate the highest common divisor of 602 and 156366.
14
Calculate the highest common factor of 34767513 and 253.
253
Calculate the highest common factor of 9231950 and 20.
10
Calculate the greatest common factor of 9430 and 1189410.
410
Calculate the greatest common divisor of 7270750 and 6858.
254
Calculate the highest common factor of 10620863 and 22.
11
What is the highest common factor of 105 and 685704495?
105
Calculate the highest common divisor of 13920 and 77831940.
1740
What is the greatest common divisor of 720252 and 14404?
52
Calculate the highest common divisor of 1910 and 43488790.
1910
What is the greatest common factor of 109272 and 73544?
232
Calculate the greatest common divisor of 11712 and 133440.
192
What is the highest common divisor of 337834068 and 264?
132
What is the greatest common divisor of 1066355547 and 89?
89
Calculate the greatest common divisor of 782 and 84433.
23
What is the greatest common divisor of 1775664 and 281371?
1121
What is the greatest common divisor of 102843 and 52740?
2637
Calculate the greatest common divisor of 294 and 102041226.
294
Calculate the highest common divisor of 1320899 and 268945.
361
What is the greatest common factor of 19958099 and 120932?
4319
What is the highest common factor of 388162282 and 498?
166
Calculate the greatest common divisor of 725072 and 452.
4
What is the greatest common divisor of 406 and 3396828638?
406
Calculate the highest common divisor of 17703656 and 72.
8
Calculate the greatest common factor of 79513 and 91.
7
What is the highest common factor of 13370 and 15323357?
1337
Calculate the greatest common divisor of 563904 and 107334.
1602
What is the highest common factor of 1116048 and 177?
3
What is the highest common divisor of 70449 and 26841?
69
What is the highest common divisor of 53825 and 4107924?
2153
Calculate the greatest common divisor of 27099 and 225567.
9
What is the highest common factor of 16 and 155341?
1
Calculate the greatest common divisor of 19198 and 19662.
58
What is the greatest common factor of 21450 and 24112?
22
What is the greatest common factor of 24812128 and 11?
11
Calculate the highest common divisor of 60 and 47810020.
20
Calculate the greatest common factor of 82 and 46794571.
41
Calculate the greatest common divisor of 92 and 9840044.
92
What is the highest common factor of 571252 and 2684?
44
Calculate the highest common divisor of 252 and 44444232.
252
Calculate the highest common divisor of 322 and 223519106.
46
Calculate the greatest common factor of 177148835 and 5.
5
Calculate the highest common divisor of 583035 and 40.
5
Calculate the greatest common factor of 105010870 and 214.
214
What is the highest common factor of 9270 and 6788730?
3090
What is the greatest common factor of 30900 and 2544615?
1545
What is the highest common divisor of 807162 and 345?
69
Calculate the greatest common divisor of 5514112 and 60352.
1472
What is the greatest common factor of 1227 and 2234823?
3
What is the greatest common divisor of 2077403 and 5263?
19
What is the highest common factor of 4791926 and 510?
34
What is the highest common factor of 349942670 and 21016?
5254
Calculate the highest common factor of 110222376 and 396.
132
Calculate the highest common factor of 968364 and 17316.
1332
Calculate the greatest common divisor of 31 and 3034331894.
31
What is the greatest common divisor of 472 and 9903976?
472
Calculate the highest common factor of 89498 and 5183.
73
Calculate the highest common divisor of 1568709719 and 599.
599
What is the greatest common factor of 1404 and 915772?
52
What is the greatest common divisor of 1295059214 and 134?
134
What is the highest common divisor of 425983 and 6877?
23
What is the highest common divisor of 69 and 7185507?
3
What is the highest common factor of 7522548 and 3124?
44
Calculate the highest common divisor of 82156 and 334742.
874
Calculate the highest common divisor of 5413476 and 66912.
492
What is the highest common divisor of 736 and 169787886?
46
What is the greatest common divisor of 428 and 7649644?
428
Calculate the highest common divisor of 136423665 and 252.
63
Calculate the highest common factor of 31359300 and 1316.
28
What is the greatest common factor of 3776 and 3457400?
472
Calculate the greatest common factor of 286563 and 8673.
177
Calculate the highest common divisor of 1275 and 11533260.
15
Calculate the highest common divisor of 2585 and 711920.
55
What is the highest common factor of 12427000 and 2600?
200
Calculate the highest common divisor of 4753 and 1593225.
97
What is the greatest common divisor of 18208935 and 2850?
285
Calculate the highest common factor of 866 and 5647619.
433
What is the greatest common divisor of 22024833 and 783?
87
Calculate the greatest common factor of 23286 and 8565367.
3881
Calculate the greatest common divisor of 7471 and 51739.
31
Calculate the highest common factor of 63 and 10505229.
21
Calculate the highest common divisor of 16704100 and 1505.
35
What is the highest common factor of 13788 and 46427643?
3447
Calculate the highest common divisor of 688558296 and 2472.
2472
Calculate the greatest common divisor of 70 and 246460.
10
Calculate the highest common factor of 1919195554 an